{"id":5,"date":"2022-01-26T16:04:14","date_gmt":"2022-01-26T15:04:14","guid":{"rendered":"https:\/\/services7.cloud1.sbg.meosis.fr\/microcrechejulesettiago\/etudes-des-mecanismes\/"},"modified":"2022-03-24T13:53:35","modified_gmt":"2022-03-24T12:53:35","slug":"histoire-et-philosophie","status":"publish","type":"page","link":"https:\/\/services7.cloud1.sbg.meosis.fr\/julesettiago\/histoire-et-philosophie.html","title":{"rendered":"Histoire &#038; philosophie"},"content":{"rendered":"\t\t<div data-elementor-type=\"wp-page\" data-elementor-id=\"5\" class=\"elementor elementor-5\" data-elementor-post-type=\"page\">\n\t\t\t\t\t\t<section class=\"ob-is-breaking-bad elementor-section elementor-top-section elementor-element elementor-element-93f8d2e elementor-section-boxed elementor-section-height-default elementor-section-height-default\" data-id=\"93f8d2e\" data-element_type=\"section\" data-settings=\"{&quot;_ob_bbad_use_it&quot;:&quot;yes&quot;,&quot;_ob_bbad_sssic_use&quot;:&quot;no&quot;}\">\n\t\t\t\t\t\t<div class=\"elementor-container elementor-column-gap-default\">\n\t\t\t\t\t<div class=\"elementor-column elementor-col-66 elementor-top-column elementor-element elementor-element-b8a5380\" data-id=\"b8a5380\" data-element_type=\"column\" data-settings=\"{&quot;_ob_bbad_is_stalker&quot;:&quot;no&quot;}\">\n\t\t\t<div class=\"elementor-widget-wrap elementor-element-populated\">\n\t\t\t\t\t\t<div class=\"elementor-element elementor-element-533efd4 title-xl elementor-widget elementor-widget-heading\" data-id=\"533efd4\" data-element_type=\"widget\" data-widget_type=\"heading.default\">\n\t\t\t\t<div class=\"elementor-widget-container\">\n\t\t\t\t\t<h2 class=\"elementor-heading-title elementor-size-default\">Un projet m\u00fbrement r\u00e9fl\u00e9chi<\/h2>\t\t\t\t<\/div>\n\t\t\t\t<\/div>\n\t\t\t\t<div class=\"elementor-element elementor-element-690f4ba elementor-widget elementor-widget-text-editor\" data-id=\"690f4ba\" data-element_type=\"widget\" data-settings=\"{&quot;_ob_postman_use&quot;:&quot;no&quot;}\" data-widget_type=\"text-editor.default\">\n\t\t\t\t<div class=\"elementor-widget-container\">\n\t\t\t\t\t\t\t\t\t<p>Passionn\u00e9e par le monde de la petite enfance et pour donner suite \u00e0 mon parcours professionnel riche et vari\u00e9 (auxiliaire de pu\u00e9riculture et infirmi\u00e8re dans des services hospitaliers tels que la chirurgie enfant, la m\u00e9decine n\u00e9onatale mais aussi au sein de multi-accueils), j\u2019ai mis pr\u00e8s de deux ans \u00e0 concr\u00e9tiser ce projet extraordinaire.\u00a0<span style=\"background-color: var( --e-global-color-1805a9d ); color: var( --e-global-color-text ); font-family: var( --e-global-typography-text-font-family ), Sans-serif; font-size: 1rem; font-weight: var( --e-global-typography-text-font-weight );\">Actuellement infirmi\u00e8re lib\u00e9rale, j\u2019ai r\u00e9duit mon activit\u00e9 pour <\/span><strong style=\"background-color: var( --e-global-color-1805a9d ); color: var( --e-global-color-text ); font-family: var( --e-global-typography-text-font-family ), Sans-serif; font-size: 1rem;\">me consacrer \u00e0 ce projet qui me tient \u00e0 c\u0153ur<\/strong><span style=\"background-color: var( --e-global-color-1805a9d ); color: var( --e-global-color-text ); font-family: var( --e-global-typography-text-font-family ), Sans-serif; font-size: 1rem; font-weight: var( --e-global-typography-text-font-weight );\">.<\/span><\/p><p><strong>Le nom de la micro-cr\u00e8che Jules &amp; Tiago<\/strong>, porte le nom de mes enfants qui sont, depuis le d\u00e9but, ma source d\u2019inspiration et qui a permis, entre autres, de faire na\u00eetre ce projet, \u00e0 la fois professionnel et personnel, mettant en avant mes connaissances et comp\u00e9tences. Le but initial \u00e9tait de r\u00e9pondre \u00e0 une forte demande concernant l\u2019accueil de l\u2019enfant en milieu collectif.<\/p><p>Je tiens \u00e0 remercier toutes les personnes qui m&rsquo;ont accompagn\u00e9, soutenu et guid\u00e9 depuis le d\u00e9but de ce projet. Des personnes qui ont \u00e9t\u00e9 essentielles et d&rsquo;un soutien sans faille. Je remercie mon conjoint, mes parents, ma famille mes amis, ma conseill\u00e8re et ma comptable et toutes ces personnes qui ont eu un r\u00f4le important pour la concr\u00e9tisation de ce projet. Sa r\u00e9alisation a \u00e9t\u00e9 extraordinaire mais aussi tr\u00e8s intense !<\/p><p>L&rsquo;aboutissement de celui-ci est une immense satisfaction. L&rsquo;\u00e9quipe et moi-m\u00eame avons h\u00e2te de d\u00e9marrer cette aventure avec vos enfants.<\/p>\t\t\t\t\t\t\t\t<\/div>\n\t\t\t\t<\/div>\n\t\t\t\t\t<\/div>\n\t\t<\/div>\n\t\t\t\t<div class=\"elementor-column elementor-col-33 elementor-top-column elementor-element elementor-element-3e6da42\" data-id=\"3e6da42\" data-element_type=\"column\" data-settings=\"{&quot;_ob_bbad_is_stalker&quot;:&quot;no&quot;}\">\n\t\t\t<div class=\"elementor-widget-wrap elementor-element-populated\">\n\t\t\t\t\t\t<div class=\"elementor-element elementor-element-2829381 elementor-widget elementor-widget-image\" data-id=\"2829381\" data-element_type=\"widget\" data-widget_type=\"image.default\">\n\t\t\t\t<div class=\"elementor-widget-container\">\n\t\t\t\t\t\t\t\t\t\t\t\t\t\t\t<img fetchpriority=\"high\" decoding=\"async\" width=\"800\" height=\"814\" src=\"https:\/\/services7.cloud1.sbg.meosis.fr\/julesettiago\/wp-content\/uploads\/sites\/11\/2022\/03\/projet-microcreche-1006x1024.jpeg\" class=\"attachment-large size-large wp-image-530\" alt=\"\" srcset=\"https:\/\/services7.cloud1.sbg.meosis.fr\/julesettiago\/wp-content\/uploads\/sites\/11\/2022\/03\/projet-microcreche-1006x1024.jpeg 1006w, https:\/\/services7.cloud1.sbg.meosis.fr\/julesettiago\/wp-content\/uploads\/sites\/11\/2022\/03\/projet-microcreche-295x300.jpeg 295w, https:\/\/services7.cloud1.sbg.meosis.fr\/julesettiago\/wp-content\/uploads\/sites\/11\/2022\/03\/projet-microcreche-768x782.jpeg 768w, https:\/\/services7.cloud1.sbg.meosis.fr\/julesettiago\/wp-content\/uploads\/sites\/11\/2022\/03\/projet-microcreche-1508x1536.jpeg 1508w, https:\/\/services7.cloud1.sbg.meosis.fr\/julesettiago\/wp-content\/uploads\/sites\/11\/2022\/03\/projet-microcreche.jpeg 1529w\" sizes=\"(max-width: 800px) 100vw, 800px\" \/>\t\t\t\t\t\t\t\t\t\t\t\t\t\t\t<\/div>\n\t\t\t\t<\/div>\n\t\t\t\t\t<\/div>\n\t\t<\/div>\n\t\t\t\t\t<\/div>\n\t\t<\/section>\n\t\t\t\t<\/div>\n\t\t","protected":false},"excerpt":{"rendered":"<p>Un projet m\u00fbrement r\u00e9fl\u00e9chi Passionn\u00e9e par le monde de la petite enfance et pour donner suite \u00e0 mon parcours professionnel riche et vari\u00e9 (auxiliaire de pu\u00e9riculture et infirmi\u00e8re dans des services hospitaliers tels que la chirurgie enfant, la m\u00e9decine n\u00e9onatale mais aussi au sein de multi-accueils), j\u2019ai mis pr\u00e8s de deux ans \u00e0 concr\u00e9tiser ce [&hellip;]<\/p>\n","protected":false},"author":1,"featured_media":0,"parent":0,"menu_order":0,"comment_status":"closed","ping_status":"closed","template":"","meta":{"_acf_changed":false,"footnotes":""},"class_list":["post-5","page","type-page","status-publish","hentry"],"yoast_head":"<!-- This site is optimized with the Yoast SEO plugin v24.4 - https:\/\/yoast.com\/wordpress\/plugins\/seo\/ -->\n<title>D\u00e9couvrez la belle histoire de la micro-cr\u00e8che Jules &amp; Tiago<\/title>\n<meta name=\"description\" content=\"Un projet m\u00fbrement r\u00e9fl\u00e9chi Passionn\u00e9e par le monde de la petite enfance et pour donner suite \u00e0 mon parcours professionnel riche et vari\u00e9 (auxiliaire de\" \/>\n<meta name=\"robots\" content=\"index, follow, max-snippet:-1, max-image-preview:large, max-video-preview:-1\" \/>\n<link rel=\"canonical\" href=\"https:\/\/services7.cloud1.sbg.meosis.fr\/julesettiago\/histoire-et-philosophie.html\" \/>\n<meta property=\"og:locale\" content=\"fr_FR\" \/>\n<meta property=\"og:type\" content=\"article\" \/>\n<meta property=\"og:title\" content=\"D\u00e9couvrez la belle histoire de la micro-cr\u00e8che Jules &amp; Tiago\" \/>\n<meta property=\"og:description\" content=\"Un projet m\u00fbrement r\u00e9fl\u00e9chi Passionn\u00e9e par le monde de la petite enfance et pour donner suite \u00e0 mon parcours professionnel riche et vari\u00e9 (auxiliaire de\" \/>\n<meta property=\"og:url\" content=\"https:\/\/services7.cloud1.sbg.meosis.fr\/julesettiago\/histoire-et-philosophie.html\" \/>\n<meta property=\"og:site_name\" content=\"JULES &amp; TIAGO\" \/>\n<meta property=\"article:modified_time\" content=\"2022-03-24T12:53:35+00:00\" \/>\n<meta property=\"og:image\" content=\"https:\/\/www.microcrechejulesettiago.fr\/wp-content\/uploads\/sites\/11\/2022\/03\/projet-microcreche-1006x1024.jpeg\" \/>\n<meta name=\"twitter:card\" content=\"summary_large_image\" \/>\n<meta name=\"twitter:label1\" content=\"Dur\u00e9e de lecture estim\u00e9e\" \/>\n\t<meta name=\"twitter:data1\" content=\"2 minutes\" \/>\n<script type=\"application\/ld+json\" class=\"yoast-schema-graph\">{\"@context\":\"https:\/\/schema.org\",\"@graph\":[{\"@type\":\"WebPage\",\"@id\":\"https:\/\/services7.cloud1.sbg.meosis.fr\/julesettiago\/histoire-et-philosophie.html\",\"url\":\"https:\/\/services7.cloud1.sbg.meosis.fr\/julesettiago\/histoire-et-philosophie.html\",\"name\":\"D\u00e9couvrez la belle histoire de la micro-cr\u00e8che Jules & Tiago\",\"isPartOf\":{\"@id\":\"https:\/\/services7.cloud1.sbg.meosis.fr\/julesettiago\/#website\"},\"primaryImageOfPage\":{\"@id\":\"https:\/\/services7.cloud1.sbg.meosis.fr\/julesettiago\/histoire-et-philosophie.html#primaryimage\"},\"image\":{\"@id\":\"https:\/\/services7.cloud1.sbg.meosis.fr\/julesettiago\/histoire-et-philosophie.html#primaryimage\"},\"thumbnailUrl\":\"https:\/\/www.microcrechejulesettiago.fr\/wp-content\/uploads\/sites\/11\/2022\/03\/projet-microcreche-1006x1024.jpeg\",\"datePublished\":\"2022-01-26T15:04:14+00:00\",\"dateModified\":\"2022-03-24T12:53:35+00:00\",\"description\":\"Un projet m\u00fbrement r\u00e9fl\u00e9chi Passionn\u00e9e par le monde de la petite enfance et pour donner suite \u00e0 mon parcours professionnel riche et vari\u00e9 (auxiliaire de\",\"breadcrumb\":{\"@id\":\"https:\/\/services7.cloud1.sbg.meosis.fr\/julesettiago\/histoire-et-philosophie.html#breadcrumb\"},\"inLanguage\":\"fr-FR\",\"potentialAction\":[{\"@type\":\"ReadAction\",\"target\":[\"https:\/\/services7.cloud1.sbg.meosis.fr\/julesettiago\/histoire-et-philosophie.html\"]}]},{\"@type\":\"ImageObject\",\"inLanguage\":\"fr-FR\",\"@id\":\"https:\/\/services7.cloud1.sbg.meosis.fr\/julesettiago\/histoire-et-philosophie.html#primaryimage\",\"url\":\"https:\/\/www.microcrechejulesettiago.fr\/wp-content\/uploads\/sites\/11\/2022\/03\/projet-microcreche-1006x1024.jpeg\",\"contentUrl\":\"https:\/\/www.microcrechejulesettiago.fr\/wp-content\/uploads\/sites\/11\/2022\/03\/projet-microcreche-1006x1024.jpeg\"},{\"@type\":\"BreadcrumbList\",\"@id\":\"https:\/\/services7.cloud1.sbg.meosis.fr\/julesettiago\/histoire-et-philosophie.html#breadcrumb\",\"itemListElement\":[{\"@type\":\"ListItem\",\"position\":1,\"name\":\"Micro-cr\u00e8che \u00e0 Blodelsheim\",\"item\":\"https:\/\/services7.cloud1.sbg.meosis.fr\/julesettiago\/\"},{\"@type\":\"ListItem\",\"position\":2,\"name\":\"Histoire &#038; philosophie\"}]},{\"@type\":\"WebSite\",\"@id\":\"https:\/\/services7.cloud1.sbg.meosis.fr\/julesettiago\/#website\",\"url\":\"https:\/\/services7.cloud1.sbg.meosis.fr\/julesettiago\/\",\"name\":\"JULES &amp; TIAGO\",\"description\":\"Micro-cr\u00e8che \u00e0 Blodelsheim\",\"publisher\":{\"@id\":\"https:\/\/services7.cloud1.sbg.meosis.fr\/julesettiago\/#organization\"},\"potentialAction\":[{\"@type\":\"SearchAction\",\"target\":{\"@type\":\"EntryPoint\",\"urlTemplate\":\"https:\/\/services7.cloud1.sbg.meosis.fr\/julesettiago\/?s={search_term_string}\"},\"query-input\":{\"@type\":\"PropertyValueSpecification\",\"valueRequired\":true,\"valueName\":\"search_term_string\"}}],\"inLanguage\":\"fr-FR\"},{\"@type\":\"Organization\",\"@id\":\"https:\/\/services7.cloud1.sbg.meosis.fr\/julesettiago\/#organization\",\"name\":\"JULES &amp; TIAGO\",\"url\":\"https:\/\/services7.cloud1.sbg.meosis.fr\/julesettiago\/\",\"logo\":{\"@type\":\"ImageObject\",\"inLanguage\":\"fr-FR\",\"@id\":\"https:\/\/services7.cloud1.sbg.meosis.fr\/julesettiago\/#\/schema\/logo\/image\/\",\"url\":\"https:\/\/services7.cloud1.sbg.meosis.fr\/julesettiago\/wp-content\/uploads\/sites\/11\/2022\/01\/logo.png\",\"contentUrl\":\"https:\/\/services7.cloud1.sbg.meosis.fr\/julesettiago\/wp-content\/uploads\/sites\/11\/2022\/01\/logo.png\",\"width\":201,\"height\":128,\"caption\":\"JULES &amp; TIAGO\"},\"image\":{\"@id\":\"https:\/\/services7.cloud1.sbg.meosis.fr\/julesettiago\/#\/schema\/logo\/image\/\"}}]}<\/script>\n<!-- \/ Yoast SEO plugin. -->","yoast_head_json":{"title":"D\u00e9couvrez la belle histoire de la micro-cr\u00e8che Jules & Tiago","description":"Un projet m\u00fbrement r\u00e9fl\u00e9chi Passionn\u00e9e par le monde de la petite enfance et pour donner suite \u00e0 mon parcours professionnel riche et vari\u00e9 (auxiliaire de","robots":{"index":"index","follow":"follow","max-snippet":"max-snippet:-1","max-image-preview":"max-image-preview:large","max-video-preview":"max-video-preview:-1"},"canonical":"https:\/\/services7.cloud1.sbg.meosis.fr\/julesettiago\/histoire-et-philosophie.html","og_locale":"fr_FR","og_type":"article","og_title":"D\u00e9couvrez la belle histoire de la micro-cr\u00e8che Jules & Tiago","og_description":"Un projet m\u00fbrement r\u00e9fl\u00e9chi Passionn\u00e9e par le monde de la petite enfance et pour donner suite \u00e0 mon parcours professionnel riche et vari\u00e9 (auxiliaire de","og_url":"https:\/\/services7.cloud1.sbg.meosis.fr\/julesettiago\/histoire-et-philosophie.html","og_site_name":"JULES &amp; TIAGO","article_modified_time":"2022-03-24T12:53:35+00:00","og_image":[{"url":"https:\/\/www.microcrechejulesettiago.fr\/wp-content\/uploads\/sites\/11\/2022\/03\/projet-microcreche-1006x1024.jpeg","type":"","width":"","height":""}],"twitter_card":"summary_large_image","twitter_misc":{"Dur\u00e9e de lecture estim\u00e9e":"2 minutes"},"schema":{"@context":"https:\/\/schema.org","@graph":[{"@type":"WebPage","@id":"https:\/\/services7.cloud1.sbg.meosis.fr\/julesettiago\/histoire-et-philosophie.html","url":"https:\/\/services7.cloud1.sbg.meosis.fr\/julesettiago\/histoire-et-philosophie.html","name":"D\u00e9couvrez la belle histoire de la micro-cr\u00e8che Jules & Tiago","isPartOf":{"@id":"https:\/\/services7.cloud1.sbg.meosis.fr\/julesettiago\/#website"},"primaryImageOfPage":{"@id":"https:\/\/services7.cloud1.sbg.meosis.fr\/julesettiago\/histoire-et-philosophie.html#primaryimage"},"image":{"@id":"https:\/\/services7.cloud1.sbg.meosis.fr\/julesettiago\/histoire-et-philosophie.html#primaryimage"},"thumbnailUrl":"https:\/\/www.microcrechejulesettiago.fr\/wp-content\/uploads\/sites\/11\/2022\/03\/projet-microcreche-1006x1024.jpeg","datePublished":"2022-01-26T15:04:14+00:00","dateModified":"2022-03-24T12:53:35+00:00","description":"Un projet m\u00fbrement r\u00e9fl\u00e9chi Passionn\u00e9e par le monde de la petite enfance et pour donner suite \u00e0 mon parcours professionnel riche et vari\u00e9 (auxiliaire de","breadcrumb":{"@id":"https:\/\/services7.cloud1.sbg.meosis.fr\/julesettiago\/histoire-et-philosophie.html#breadcrumb"},"inLanguage":"fr-FR","potentialAction":[{"@type":"ReadAction","target":["https:\/\/services7.cloud1.sbg.meosis.fr\/julesettiago\/histoire-et-philosophie.html"]}]},{"@type":"ImageObject","inLanguage":"fr-FR","@id":"https:\/\/services7.cloud1.sbg.meosis.fr\/julesettiago\/histoire-et-philosophie.html#primaryimage","url":"https:\/\/www.microcrechejulesettiago.fr\/wp-content\/uploads\/sites\/11\/2022\/03\/projet-microcreche-1006x1024.jpeg","contentUrl":"https:\/\/www.microcrechejulesettiago.fr\/wp-content\/uploads\/sites\/11\/2022\/03\/projet-microcreche-1006x1024.jpeg"},{"@type":"BreadcrumbList","@id":"https:\/\/services7.cloud1.sbg.meosis.fr\/julesettiago\/histoire-et-philosophie.html#breadcrumb","itemListElement":[{"@type":"ListItem","position":1,"name":"Micro-cr\u00e8che \u00e0 Blodelsheim","item":"https:\/\/services7.cloud1.sbg.meosis.fr\/julesettiago\/"},{"@type":"ListItem","position":2,"name":"Histoire &#038; philosophie"}]},{"@type":"WebSite","@id":"https:\/\/services7.cloud1.sbg.meosis.fr\/julesettiago\/#website","url":"https:\/\/services7.cloud1.sbg.meosis.fr\/julesettiago\/","name":"JULES &amp; TIAGO","description":"Micro-cr\u00e8che \u00e0 Blodelsheim","publisher":{"@id":"https:\/\/services7.cloud1.sbg.meosis.fr\/julesettiago\/#organization"},"potentialAction":[{"@type":"SearchAction","target":{"@type":"EntryPoint","urlTemplate":"https:\/\/services7.cloud1.sbg.meosis.fr\/julesettiago\/?s={search_term_string}"},"query-input":{"@type":"PropertyValueSpecification","valueRequired":true,"valueName":"search_term_string"}}],"inLanguage":"fr-FR"},{"@type":"Organization","@id":"https:\/\/services7.cloud1.sbg.meosis.fr\/julesettiago\/#organization","name":"JULES &amp; TIAGO","url":"https:\/\/services7.cloud1.sbg.meosis.fr\/julesettiago\/","logo":{"@type":"ImageObject","inLanguage":"fr-FR","@id":"https:\/\/services7.cloud1.sbg.meosis.fr\/julesettiago\/#\/schema\/logo\/image\/","url":"https:\/\/services7.cloud1.sbg.meosis.fr\/julesettiago\/wp-content\/uploads\/sites\/11\/2022\/01\/logo.png","contentUrl":"https:\/\/services7.cloud1.sbg.meosis.fr\/julesettiago\/wp-content\/uploads\/sites\/11\/2022\/01\/logo.png","width":201,"height":128,"caption":"JULES &amp; TIAGO"},"image":{"@id":"https:\/\/services7.cloud1.sbg.meosis.fr\/julesettiago\/#\/schema\/logo\/image\/"}}]}},"acf":[],"_links":{"self":[{"href":"https:\/\/services7.cloud1.sbg.meosis.fr\/julesettiago\/wp-json\/wp\/v2\/pages\/5","targetHints":{"allow":["GET"]}}],"collection":[{"href":"https:\/\/services7.cloud1.sbg.meosis.fr\/julesettiago\/wp-json\/wp\/v2\/pages"}],"about":[{"href":"https:\/\/services7.cloud1.sbg.meosis.fr\/julesettiago\/wp-json\/wp\/v2\/types\/page"}],"author":[{"embeddable":true,"href":"https:\/\/services7.cloud1.sbg.meosis.fr\/julesettiago\/wp-json\/wp\/v2\/users\/1"}],"replies":[{"embeddable":true,"href":"https:\/\/services7.cloud1.sbg.meosis.fr\/julesettiago\/wp-json\/wp\/v2\/comments?post=5"}],"version-history":[{"count":0,"href":"https:\/\/services7.cloud1.sbg.meosis.fr\/julesettiago\/wp-json\/wp\/v2\/pages\/5\/revisions"}],"wp:attachment":[{"href":"https:\/\/services7.cloud1.sbg.meosis.fr\/julesettiago\/wp-json\/wp\/v2\/media?parent=5"}],"curies":[{"name":"wp","href":"https:\/\/api.w.org\/{rel}","templated":true}]}}